{"id":229,"date":"2022-08-09T10:48:35","date_gmt":"2022-08-09T10:48:35","guid":{"rendered":"https:\/\/gicis.site\/?page_id=229"},"modified":"2022-12-12T18:54:07","modified_gmt":"2022-12-12T18:54:07","slug":"mision-y-objetivos","status":"publish","type":"page","link":"https:\/\/gicis.site\/?page_id=229","title":{"rendered":"Misi\u00f3n y objetivos"},"content":{"rendered":"\n<p>La Biblioteca Escolar es considerada un sistema, en el que sus actividades, procesos, gesti\u00f3n, recursos, servicios, etc. se pueden comprender como un todo, desde su quehacer articulado, interdisciplinar y transversal.<\/p>\n\n\n\n<p>El Observatorio de Bibliotecas Escolares busca dos prop\u00f3sitos fundamentales: por un lado, investigar revisar, describir, caracterizar, evaluar, discutir, cuestionar, sugerir la informaci\u00f3n que aparece en el espacio de observaci\u00f3n vinculado a las Bibliotecas Escolares y a los bibliotecarios escolares y por otro informar a la comunidad los hallazgos que ocurren en ese proceso.<\/p>\n\n\n\n<p>Se trata de un observatorio de investigaci\u00f3n, monitoreo y difusi\u00f3n en el que se refleje la situaci\u00f3n real de las Bibliotecas Escolares mediante el relevamiento de datos e informaci\u00f3n proporcionada por los equipos de conducci\u00f3n de las instituciones educativas y los bibliotecarios designados a cargo de la gesti\u00f3n y funcionamiento de la biblioteca escolar.<\/p>\n","protected":false},"excerpt":{"rendered":"<p>La Biblioteca Escolar es considerada un sistema, en el que sus actividades, procesos, gesti\u00f3n, recursos, servicios, etc. se pueden comprender como un todo, desde su&hellip; <\/p>\n","protected":false},"author":1,"featured_media":0,"parent":0,"menu_order":0,"comment_status":"closed","ping_status":"closed","template":"","meta":[],"_links":{"self":[{"href":"https:\/\/gicis.site\/index.php?rest_route=\/wp\/v2\/pages\/229"}],"collection":[{"href":"https:\/\/gicis.site\/index.php?rest_route=\/wp\/v2\/pages"}],"about":[{"href":"https:\/\/gicis.site\/index.php?rest_route=\/wp\/v2\/types\/page"}],"author":[{"embeddable":true,"href":"https:\/\/gicis.site\/index.php?rest_route=\/wp\/v2\/users\/1"}],"replies":[{"embeddable":true,"href":"https:\/\/gicis.site\/index.php?rest_route=%2Fwp%2Fv2%2Fcomments&post=229"}],"version-history":[{"count":7,"href":"https:\/\/gicis.site\/index.php?rest_route=\/wp\/v2\/pages\/229\/revisions"}],"predecessor-version":[{"id":394,"href":"https:\/\/gicis.site\/index.php?rest_route=\/wp\/v2\/pages\/229\/revisions\/394"}],"wp:attachment":[{"href":"https:\/\/gicis.site\/index.php?rest_route=%2Fwp%2Fv2%2Fmedia&parent=229"}],"curies":[{"name":"wp","href":"https:\/\/api.w.org\/{rel}","templated":true}]}}