{"id":185,"date":"2022-08-05T18:53:51","date_gmt":"2022-08-05T18:53:51","guid":{"rendered":"https:\/\/gicis.site\/?page_id=185"},"modified":"2022-08-23T21:43:39","modified_gmt":"2022-08-23T21:43:39","slug":"origen","status":"publish","type":"page","link":"https:\/\/gicis.site\/?page_id=185","title":{"rendered":"Antecedentes del grupo"},"content":{"rendered":"\n<p>El grupo GICIS se encuentra radicado en el Departamento de Ciencia de la Informaci\u00f3n (antes denominado Departamento de Documentaci\u00f3n). Fue creado el 17 de octubre de 1996 (OCA N\u00b0 0027\/96) con dos subproyectos bajo la direcci\u00f3n de la Mg. Noem\u00ed Conforti. En \u00e9l se encuentran reflejadas&nbsp; las distintas tradiciones intelectuales en las que coexisten el conjunto de las Ciencias Sociales, entendiendo que cada una de ellas contiene un presupuesto relativo al mundo social, cultural y educativo.<\/p>\n\n\n\n<p>El enfoque metodol\u00f3gico se propuso desde la necesidad de generar nuevos datos, categor\u00edas explicativas, corpus te\u00f3rico-pr\u00e1ctico, conocimiento, saberes e hip\u00f3tesis sobre las problem\u00e1ticas, para formular propuestas, intervenciones, pol\u00edticas y claves de interpretaci\u00f3n de realidades que abordan las BIBLIOTECAS ESCOLARES, al PROFESIONAL DE LA INFORMACI\u00d3N, y los OBSERVATORIOS CULTURALES, entre otros.&nbsp; Con la perspectiva \u201cglobal e integradora\u201d en que la docencia, la investigaci\u00f3n y la extensi\u00f3n se integran, ejerciendo un rol protag\u00f3nico en la profesionalizaci\u00f3n de los bibliotecarios, es que el GRUPO GICIS asume su compromiso social con la Universidad del Siglo XXI.<\/p>\n\n\n\n<p>Desde el a\u00f1o 2021 el Grupo GICIS desarrolla sus proyectos en el \u00e1mbito del Centro de Estudios en Ciencia de la Informaci\u00f3n y Documentaci\u00f3n (CECID), dependiente del Instituto de Investigaci\u00f3n sobre Sociedades, Territorios y Culturas (ISTeC), Facultad de Humanidades, UNMDP.<\/p>\n","protected":false},"excerpt":{"rendered":"<p>El grupo GICIS se encuentra radicado en el Departamento de Ciencia de la Informaci\u00f3n (antes denominado Departamento de Documentaci\u00f3n). Fue creado el 17 de octubre&hellip; <\/p>\n","protected":false},"author":1,"featured_media":0,"parent":113,"menu_order":-4,"comment_status":"closed","ping_status":"closed","template":"","meta":[],"_links":{"self":[{"href":"https:\/\/gicis.site\/index.php?rest_route=\/wp\/v2\/pages\/185"}],"collection":[{"href":"https:\/\/gicis.site\/index.php?rest_route=\/wp\/v2\/pages"}],"about":[{"href":"https:\/\/gicis.site\/index.php?rest_route=\/wp\/v2\/types\/page"}],"author":[{"embeddable":true,"href":"https:\/\/gicis.site\/index.php?rest_route=\/wp\/v2\/users\/1"}],"replies":[{"embeddable":true,"href":"https:\/\/gicis.site\/index.php?rest_route=%2Fwp%2Fv2%2Fcomments&post=185"}],"version-history":[{"count":6,"href":"https:\/\/gicis.site\/index.php?rest_route=\/wp\/v2\/pages\/185\/revisions"}],"predecessor-version":[{"id":320,"href":"https:\/\/gicis.site\/index.php?rest_route=\/wp\/v2\/pages\/185\/revisions\/320"}],"up":[{"embeddable":true,"href":"https:\/\/gicis.site\/index.php?rest_route=\/wp\/v2\/pages\/113"}],"wp:attachment":[{"href":"https:\/\/gicis.site\/index.php?rest_route=%2Fwp%2Fv2%2Fmedia&parent=185"}],"curies":[{"name":"wp","href":"https:\/\/api.w.org\/{rel}","templated":true}]}}